{"id":34,"date":"2023-11-28T01:21:36","date_gmt":"2023-11-28T01:21:36","guid":{"rendered":"https:\/\/fishanimals.com.mx\/index.php\/productos\/"},"modified":"2023-11-28T01:21:36","modified_gmt":"2023-11-28T01:21:36","slug":"productos","status":"publish","type":"page","link":"https:\/\/fishanimals.com.mx\/index.php\/productos\/","title":{"rendered":"Productos"},"content":{"rendered":"            <div id=\"product_listing\" class=\"post-34 page type-page status-publish hentry al_product responsive\">\n\t\t\t<div class=\"ic-catalog-container\"><div id=\"product_filters_bar\" class=\"product-sort-bar green-box ic-design \"><div id=\"block-99\" class=\"filter-widget widget_block product-search-widget\"><div class=\"widget product_search search widget_search\">    <form role=\"search\" class=\"green-box ic-design\" method=\"get\"\n          id=\"product_search_form\" action=\"https:\/\/fishanimals.com.mx\/\">\n\t\t<input type=\"hidden\" name=\"post_type\" value=\"al_product\" \/>        <div class=\"ic-search-container\">\n\t\t\t            <input class=\"product-search-box\" type=\"search\" value=\"\" name=\"s\"\n                   placeholder=\"B\u00fasqueda de productos\"\/>\n            <input class=\"product-search-submit\" type=\"submit\" id=\"searchsubmit\"\n                   value=\"\"\/>\n        <\/div>\n    <\/form>\n\t<\/div><\/div><div id=\"block-100\" class=\"filter-widget widget_block product-sort-filter\"><div class=\"widget product_sort_filter\"><form class=\"product_order ic_ajax \" data-ic_responsive_label=\"Ordenar por\" data-ic_ajax=\"product_order\" action=\"\"><select class=\"product_order_selector ic_self_submit\" name=\"product_order\"><option value=\"newest\"  selected='selected'>Ordenar por m\u00e1s nuevos<\/option><option value=\"product-name\" >Ordenar por nombre<\/option><\/select><\/form><\/div><\/div><div id=\"block-101\" class=\"filter-widget widget_block product-price-filter\"><div class=\"widget product_price_filter\">                <div class=\"price-filter ic_ajax green-box ic-design \"\n                     data-ic_ajax=\"price-filter\"\n                     data-ic_responsive_label=\"Precio\"\n                     data-ic_ajax_data=\"{&quot;instance&quot;:{&quot;title&quot;:&quot;&quot;,&quot;shortcode_support&quot;:false,&quot;ic_context_id&quot;:0,&quot;ic_context_post_type&quot;:&quot;&quot;},&quot;args&quot;:{&quot;before_widget&quot;:&quot;&lt;div class=\\&quot;widget product_price_filter\\&quot;&gt;&quot;,&quot;after_widget&quot;:&quot;&lt;\\\/div&gt;&quot;,&quot;before_title&quot;:&quot;&lt;h2 class=\\&quot;widgettitle\\&quot;&gt;&quot;,&quot;after_title&quot;:&quot;&lt;\\\/h2&gt;&quot;}}\">\n                    <span class=\"filter-label\">Precio:<\/span>\n                    <form class=\"price-filter-form\" action=\"\">\n\t\t\t\t\t\t                        <input class=\"number-box\" placeholder=\"$\" type=\"number\" min=\"0\"\n                               step=\"0.01\" name=\"min-price\" value=\"\"> - <input\n                                placeholder=\"$\" min=\"0\" step=\"0.01\" type=\"number\"\n                                class=\"number-box\" name=\"max-price\" value=\"\">\n                        <input class=\"price-filter-submit\" type=\"submit\" value=\"OK\">\n\t\t\t\t\t\t                    <\/form>\n\t\t\t\t\t                <\/div>\n\t\t\t\t<\/div><\/div><div id=\"block-102\" class=\"filter-widget widget_block product-category-filter\"><div style=\"padding: 20px 10px\">Filtro de categor\u00eda de cat\u00e1logo solo aparecer\u00e1 en la portada si hay algo disponible en el contexto.<\/div><\/div><div class=\"clear-both\"><\/div><\/div><div class=\"product-list grid \" >    <div class=\"archive-listing product-50 classic-grid publish priced first\">\n        <a href=\"https:\/\/fishanimals.com.mx\/index.php\/productos\/tazon-doble-para-mascotas-plato-forma-de-gato-para-perro-y-gato\/\">\n            <div class=\"classic-grid-image-wrapper\">\n                <div class=\"pseudo\"><\/div>\n                <div class=\"image\"><img loading=\"lazy\" decoding=\"async\" width=\"600\" height=\"600\" src=\"https:\/\/fishanimals.com.mx\/wp-content\/uploads\/2023\/12\/PRODUCTOS-ML-9-600x600.png\" class=\"classic-grid-image\" alt=\"Tazon doble para mascotas | Plato forma de gato para perro y gato\" srcset=\"https:\/\/fishanimals.com.mx\/wp-content\/uploads\/2023\/12\/PRODUCTOS-ML-9-600x600.png 600w, https:\/\/fishanimals.com.mx\/wp-content\/uploads\/2023\/12\/PRODUCTOS-ML-9-300x300.png 300w, https:\/\/fishanimals.com.mx\/wp-content\/uploads\/2023\/12\/PRODUCTOS-ML-9-1024x1024.png 1024w, https:\/\/fishanimals.com.mx\/wp-content\/uploads\/2023\/12\/PRODUCTOS-ML-9-150x150.png 150w, https:\/\/fishanimals.com.mx\/wp-content\/uploads\/2023\/12\/PRODUCTOS-ML-9-768x768.png 768w, https:\/\/fishanimals.com.mx\/wp-content\/uploads\/2023\/12\/PRODUCTOS-ML-9-160x160.png 160w, https:\/\/fishanimals.com.mx\/wp-content\/uploads\/2023\/12\/PRODUCTOS-ML-9-100x100.png 100w, https:\/\/fishanimals.com.mx\/wp-content\/uploads\/2023\/12\/PRODUCTOS-ML-9.png 1280w\" sizes=\"auto, (max-width: 600px) 100vw, 600px\" \/><\/div>\n            <\/div>\n            <h3 class=\"product-name\">Tazon doble para mascotas | Plato forma de gato para perro y gato<\/h3><span class=\"product-price red-price big-price ic-design\">$56,00<\/span>\t\t\t        <\/a>\n\t\t    <\/div>\n\n    <div class=\"archive-listing product-38 classic-grid publish priced middle\">\n        <a href=\"https:\/\/fishanimals.com.mx\/index.php\/productos\/vita-flora-125-ml-biomaa-f801\/\">\n            <div class=\"classic-grid-image-wrapper\">\n                <div class=\"pseudo\"><\/div>\n                <div class=\"image\"><img loading=\"lazy\" decoding=\"async\" width=\"254\" height=\"600\" src=\"https:\/\/fishanimals.com.mx\/wp-content\/uploads\/2023\/11\/8f7533_c6809c44e66e4f49a5026fcdbdc4e32fmv2-254x600.png\" class=\"classic-grid-image\" alt=\"VITA FLORA 125 ml. BIOMAA F801\" srcset=\"https:\/\/fishanimals.com.mx\/wp-content\/uploads\/2023\/11\/8f7533_c6809c44e66e4f49a5026fcdbdc4e32fmv2-254x600.png 254w, https:\/\/fishanimals.com.mx\/wp-content\/uploads\/2023\/11\/8f7533_c6809c44e66e4f49a5026fcdbdc4e32fmv2-127x300.png 127w, https:\/\/fishanimals.com.mx\/wp-content\/uploads\/2023\/11\/8f7533_c6809c44e66e4f49a5026fcdbdc4e32fmv2-68x160.png 68w, https:\/\/fishanimals.com.mx\/wp-content\/uploads\/2023\/11\/8f7533_c6809c44e66e4f49a5026fcdbdc4e32fmv2.png 302w\" sizes=\"auto, (max-width: 254px) 100vw, 254px\" \/><\/div>\n            <\/div>\n            <h3 class=\"product-name\">VITA FLORA 125 ml. BIOMAA F801<\/h3><span class=\"product-price red-price big-price ic-design\">$4.980,00<\/span>\t\t\t        <\/a>\n\t\t    <\/div>\n\n<\/div>    <span class=\"clear\"><\/span>\n\t<\/div>            <\/div>\n\t\t\t","protected":false},"excerpt":{"rendered":"","protected":false},"author":1,"featured_media":0,"parent":0,"menu_order":0,"comment_status":"closed","ping_status":"closed","template":"","meta":{"footnotes":""},"class_list":["post-34","page","type-page","status-publish","hentry"],"jetpack_sharing_enabled":true,"_links":{"self":[{"href":"https:\/\/fishanimals.com.mx\/index.php\/wp-json\/wp\/v2\/pages\/34","targetHints":{"allow":["GET"]}}],"collection":[{"href":"https:\/\/fishanimals.com.mx\/index.php\/wp-json\/wp\/v2\/pages"}],"about":[{"href":"https:\/\/fishanimals.com.mx\/index.php\/wp-json\/wp\/v2\/types\/page"}],"author":[{"embeddable":true,"href":"https:\/\/fishanimals.com.mx\/index.php\/wp-json\/wp\/v2\/users\/1"}],"replies":[{"embeddable":true,"href":"https:\/\/fishanimals.com.mx\/index.php\/wp-json\/wp\/v2\/comments?post=34"}],"version-history":[{"count":0,"href":"https:\/\/fishanimals.com.mx\/index.php\/wp-json\/wp\/v2\/pages\/34\/revisions"}],"wp:attachment":[{"href":"https:\/\/fishanimals.com.mx\/index.php\/wp-json\/wp\/v2\/media?parent=34"}],"curies":[{"name":"wp","href":"https:\/\/api.w.org\/{rel}","templated":true}]}}